72 and 416.
52
What is the greatest common factor of 679 and 97?
97
Calculate the greatest common factor of 816 and 240.
48
Calculate the greatest common divisor of 500 and 375.
125
Calculate the highest common divisor of 13351 and 711.
79
Calculate the highest common divisor of 220 and 8360.
220
Calculate the highest common factor of 4225 and 260.
65
What is the greatest common factor of 10276 and 84?
28
Calculate the greatest common divisor of 247 and 76.
19
Calculate the greatest common factor of 104 and 4.
4
Calculate the highest common factor of 16 and 412.
4
What is the greatest common divisor of 3146 and 55?
11
Calculate the highest common factor of 1 and 56.
1
What is the highest common factor of 48 and 204?
12
What is the highest common factor of 1590 and 30?
30
Calculate the highest common divisor of 16 and 152.
8
What is the greatest common divisor of 152 and 24?
8
Calculate the greatest common divisor of 70 and 590.
10
What is the highest common factor of 7268 and 92?
92
What is the greatest common factor of 110 and 160?
10
What is the greatest common divisor of 12 and 1964?
4
What is the greatest common divisor of 39 and 26?
13
Calculate the greatest common divisor of 132 and 564.
12
Calculate the highest common factor of 2604 and 1519.
217
Calculate the greatest common divisor of 176 and 8.
8
Calculate the greatest common divisor of 427 and 49.
7
What is the greatest common factor of 41 and 205?
41
What is the highest common divisor of 104 and 2132?
52
Calculate the highest common divisor of 14 and 22.
2
Calculate the greatest common divisor of 28 and 112.
28
What is the greatest common factor of 5 and 545?
5
What is the highest common factor of 17708 and 456?
76
Calculate the highest common factor of 96 and 300.
12
What is the highest common divisor of 176 and 187?
11
Calculate the highest common divisor of 32735 and 10.
5
Calculate the greatest common factor of 5486 and 26.
26
What is the greatest common divisor of 86 and 63554?
86
Calculate the highest common factor of 5170 and 110.
110
Calculate the greatest common divisor of 8610 and 35.
35
What is the greatest common divisor of 1618 and 6?
2
What is the greatest common factor of 645 and 375?
15
Calculate the highest common divisor of 36 and 204.
12
Calculate the highest common factor of 14 and 12.
2
What is the highest common factor of 6 and 2526?
6
What is the greatest common divisor of 47 and 2209?
47
What is the highest common factor of 240 and 100?
20
Calculate the greatest common divisor of 38324 and 143.
143
What is the greatest common divisor of 37 and 4?
1
What is the highest common divisor of 34594 and 294?
98
What is the greatest common factor of 7200 and 20?
20
What is the greatest common divisor of 550 and 44?
22
What is the highest common factor of 1472 and 782?
46
What is the greatest common divisor of 286 and 24167?
143
What is the highest common divisor of 24 and 172?
4
Calculate the greatest common factor of 2635 and 85.
85
What is the greatest common divisor of 105 and 504?
21
Calculate the highest common factor of 119 and 2295.
17
Calculate the highest common factor of 27 and 21087.
27
Calculate the highest common factor of 2520 and 9.
9
What is the highest common factor of 25 and 200?
25
Calculate the highest common factor of 46158 and 294.
294
What is the highest common factor of 14 and 4753?
7
What is the greatest common divisor of 213 and 2272?
71
What is the greatest common factor of 195 and 78?
39
Calculate the highest common factor of 518 and 238.
14
Calculate the greatest common divisor of 12 and 5196.
12
What is the greatest common factor of 594 and 264?
66
What is the highest common divisor of 32 and 3064?
8
Calculate the greatest common divisor of 487 and 1.
1
Calculate the greatest common divisor of 13 and 351.
13
Calculate the highest common divisor of 1975 and 25.
25
What is the highest common divisor of 8 and 1574?
2
Calculate the highest common factor of 180 and 200.
20
Calculate the highest common divisor of 122 and 4.
2
Calculate the highest common divisor of 3872 and 512.
32
What is the highest common factor of 12 and 36?
12
What is the greatest common factor of 36 and 1644?
12
Calculate the highest common divisor of 135 and 4275.
45
What is the highest common factor of 23 and 989?
23
Calculate the greatest common divisor of 736 and 276.
92
Calculate the highest common divisor of 24 and 1176.
24
Calculate the highest common divisor of 261 and 203.
29
What is the highest common factor of 24 and 12288?
24
What is the highest common divisor of 102 and 1434?
6
What is the highest common divisor of 17624 and 8?
8
Calculate the greatest common factor of 7 and 287.
7
Calculate the greatest common divisor of 114 and 12.
6
What is the highest common factor of 629 and 37?
37
Calculate the greatest common factor of 15 and 60.
15
What is the highest common factor of 16 and 118?
2
Calculate the highest common factor of 34 and 43367.
17
Calculate the highest common factor of 23 and 25553.
23
What is the greatest common divisor of 1178 and 608?
38
Calculate the greatest common factor of 43 and 2752.
43
Calculate the greatest common factor of 77 and 7.
7
What is the highest common factor of 4056 and 24?
24
Calculate the highest common factor of 640 and 5056.
64
Calculate the greatest common factor of 53 and 15211.
53
Calculate the greatest common divisor of 3381 and 35.
7
Calculate the greatest common factor of 3429 and 54.
27
Calculate the highest common factor of 85 and 561.
17
What is the highest common divisor of 268 and 76?
4
Calculate the highest common factor of 351 and 13.
13
Calculate the highest common divisor of 15 and 10.
5
Calculate the greatest common divisor of 833 and 1309.
119
What is the greatest common factor of 24 and 30?
6
What is the highest common divisor of 3336 and 24?
24
Calculate the greatest common factor of 7249 and 11.
11
What is the highest common divisor of 760 and 285?
95
What is the highest common divisor of 13 and 8359?
13
Calculate the highest common factor of 75 and 11425.
25
What is the greatest common factor of 76 and 19?
19
What is the highest common divisor of 96 and 816?
48
What is the highest common factor of 18 and 738?
18
What is the greatest common factor of 368 and 1150?
46
Calculate the greatest common divisor of 6591 and 3.
3
Calculate the greatest common factor of 1008 and 63.
63
Calculate the highest common factor of 1281 and 84.
21
Calculate the highest common factor of 434 and 31.
31
What is the highest common factor of 1833 and 987?
141
Calculate the greatest common divisor of 160 and 230.
10
What is the greatest common factor of 636 and 2703?
159
What is the highest common factor of 513 and 228?
57
Calculate the highest common factor of 13 and 34073.
13
What is the greatest common factor of 225 and 135?
45
What is the greatest common factor of 258 and 6?
6
Calculate the highest common factor of 5 and 28.
1
What is the greatest common factor of 806 and 62?
62
Calculate the highest common divisor of 28 and 854.
14
What is the highest common divisor of 203 and 232?
29
Calculate the greatest common factor of 2997 and 351.
27
What is the highest common divisor of 728 and 2016?
56
Calculate the greatest common divisor of 816 and 16.
16
Calculate the highest common divisor of 2786 and 995.
199
Calculate the greatest common divisor of 130 and 20.
10
Calculate the greatest common factor of 5 and 9385.
5
What is the greatest common factor of 731 and 51?
17
Calculate the highest common factor of 49 and 7399.
49
What is the highest common factor of 4 and 46?
2
Calculate the highest common factor of 10 and 830.
10
What is the greatest common divisor of 56 and 308?
28
Calculate the highest common divisor of 85 and 5.
5
What is the highest common factor of 85 and 340?
85
What is the highest common divisor of 9 and 1395?
9
Calculate the greatest common factor of 6 and 15162.
6
What is the greatest common divisor of 11 and 176?
11
Calculate the highest common factor of 66 and 154.
22
What is the highest common divisor of 62 and 155?
31
Calculate the greatest common divisor of 522 and 1392.
174
Calculate the greatest common divisor of 20 and 1780.
20
What is the highest common factor of 333 and 27?
9
What is th